 and l?
5
Suppose 5*j + 3*b - 9 = 0, -2*j + b = 2*b - 4. Suppose 5*p + 0*p - 370 = 0. Let d be (59 - p)/(-2 + 2/2). Calculate the highest common divisor of d and j.
3
Suppose -55*m + 4480 = -47*m. What is the greatest common divisor of 70 and m?
70
Suppose -17*u + 2110 + 236 = 0. Calculate the greatest common divisor of 6 and u.
6
Let s(o) = o**2 + 2*o + 16. Let m be s(-11). Let d(h) = h**2 - 11*h + 11. Let n be d(12). What is the highest common divisor of n and m?
23
Let i = -11 + 19. Suppose -148*p = -143*p - 3*s + 4, 8 = 5*p + s. What is the highest common factor of p and i?
1
Let n = -26 - -33. Let b(h) = h**3 + 8*h**2 - 11*h - 6. Let a be b(-9). Let x = a - -2. What is the highest common divisor of x and n?
7
Let s be (-2)/(-1)*54/(-4). Let t = -8 - s. Let l(d) = -9*d - 6. Let w be l(-7). What is the highest common divisor of w and t?
19
Let o be (155 - 5) + -1*7 + 1. Calculate the greatest common divisor of o and 108.
36
Let r(u) = -7*u**2 + 52*u - 13. Let h be r(7). What is the greatest common factor of h and 148?
4
Let n be (-52)/(-5) - (-2)/(-5). Suppose t = 5*g + 2, 0 = -5*t - 2*g + 140 - 22. Let s = t - 12. Calculate the greatest common divisor of n and s.
10
Let x(j) = j**3 - j**2 + j + 6. Let q(i) = -i**3 - 14*i**2 - 14*i - 13. Let a be q(-13). Let l be x(a). Calculate the greatest common factor of l and 3.
3
Suppose 6*k + 3 = 9*k. Let y(g) = 2*g. Let d be y(k). Suppose -3*o + q + d*q + 51 = 0, 3*q - 13 = -o. Calculate the greatest common divisor of 4 and o.
4
Let a = 197 - 161. What is the highest common factor of 486 and a?
18
Let f be -1 + -1 - (-13 - 2). Let p(u) = u + 104. Let d be p(0). Calculate the greatest common factor of d and f.
13
Let z be -3 - (-32)/(-2 - -6). Suppose 0 = -2*h + 13 - z. Suppose 4 = -h*i + 5*i. Calculate the greatest common divisor of i and 8.
4
Suppose 26*s - 1148 = 12*s. What is the highest common divisor of 2583 and s?
41
Let c be 9/(36/(-8))*-12. Let x be 114/c*(18 + 2). Suppose 5*s - x = 4*u, 3*s + 2*u = 9 + 26. What is the highest common divisor of s and 10?
5
Let j(k) be the second derivative of -k**3 - 22*k. Let f be j(-1). What is the greatest common factor of 6 and f?
6
Suppose 4*s = 3*g + 277, 6*g - 74 = -s + 2*g. What is the greatest common divisor of 230 and s?
10
Let x = -15 + 36. Suppose 71 = 4*s - x. What is the greatest common factor of 253 and s?
23
Let d be -4*26803/(-154) + 2/(-11). Calculate the highest common factor of 29 and d.
29
Suppose -11*t + 492 = -8*t. What is the greatest common divisor of 123 and t?
41
Let s be (2 - 0) + (1 - -5). Suppose a + 4*o = 56, 372 = 2*a + 3*a - 3*o. What is the highest common divisor of s and a?
8
Let u = 1 - 0. Let n = u - -13. Calculate the greatest common factor of 14 and n.
14
Let o be ((-3)/2)/3*2. Let t be (o*3)/(296/60 - 5). Calculate the greatest common divisor of t and 9.
9
Let m = 13 + -14. Let a(l) = -5*l - 2*l - 4*l. Let x be a(m). Calculate the highest common divisor of x and 44.
11
Let p be (-3)/(-9) - 1121/(-3). Suppose -61 = -11*f - 6. Suppose -107 = -4*m + m + x, 4*m - 161 = f*x. Calculate the greatest common divisor of m and p.
34
Let v be 125/45 + (-4)/(-18). Suppose -80 = -18*f + 28. Calculate the highest common factor of v and f.
3
Let k be (-5)/(-10) + (-969)/(-6) + -2. Suppose -b + 0*b + 2*d + k = 0, -2*d = -5*b + 776. What is the greatest common factor of b and 14?
14
Suppose -q = -5*o - 4*q + 732, -5*o - q = -724. Let y = 157 - o. Suppose 3*r + 35 - 386 = 0. What is the highest common factor of y and r?
13
Let t(f) = 5*f - 1. Let o(u) = -5*u. Let a(q) = -6*o(q) - 5*t(q). Let n be a(5). Calculate the highest common divisor of n and 10.
10
Let y be (13 + 5 - 18) + (0 - -1). Calculate the highest common divisor of 136 and y.
1
Let u = -1237 + 1972. What is the highest common divisor of u and 15?
15
Let v(b) = b**2 + 7*b + 4. Let m be v(-7). Suppose 0 = 4*n + 5*r - r - 204, -4*n + m*r + 244 = 0. What is the greatest common divisor of 8 and n?
8
Suppose 5*l = 394 + 706. Suppose -25 = -2*k + 5*q, 19*k + 2*q - 46 = 17*k. What is the greatest common divisor of l and k?
20
Suppose 30 = 2*u - 17*y + 20*y, 4*u = -2*y + 68. What is the highest common divisor of u and 207?
9
Suppose -10*m + 9*m = -516. Calculate the highest common factor of m and 24.
12
Let f be 5 + -4 + 304 + -8. Let d = 10 + 1. What is the highest common divisor of d and f?
11
Let b(m) = -5*m - 19. Let d be b(-4). Let t = 16 - d. What is the greatest common factor of t and 6?
3
Let u = -158 - -177. What is the highest common factor of 1 and u?
1
Suppose 2079 = 207*c - 174*c. Calculate the greatest common divisor of c and 288.
9
Let n(o) = -o**3 + 12*o**2 - 28*o - 16. Let g be n(8). Calculate the greatest common factor of g and 1.
1
Let r = 40 + -43. Let d be 128 + r/2*(-4)/(-3). What is the greatest common factor of 21 and d?
21
Let q(h) = -h**3 - h**2 + 11*h + 9. Let p be q(-4). What is the greatest common factor of 1 and p?
1
Suppose -4*x + 4 = -12. Suppose t = -x, -5*t = 3*l - 5 + 1. Let y = -5 - -7. What is the highest common factor of y and l?
2
Suppose -160 = -5*j + 2*f, -j - f + 25 = -0*j. Suppose -19*q + 2*n = -15*q - 1324, -5*n + 1640 = 5*q. Calculate the highest common factor of q and j.
30
Let k(i) = i**3 + i**2 - 12. Let b be k(0). Let o = b + 24. Suppose 2*w - 6 = o. What is the highest common factor of w and 9?
9
Let l = 16 - 10. Let k be (1/(-1) - -2)*2. Suppose 3*f - 20 = -k*f. Calculate the greatest common divisor of l and f.
2
Suppose s = 5*s - 256. Suppose 132 = 15*c + 12. What is the greatest common divisor of s and c?
8
Let p(u) = 2*u**2 - 6*u - 8. Let h be p(8). Calculate the highest common divisor of h and 936.
72
Let b = -360 + 747. Calculate the greatest common factor of b and 9.
9
Suppose -379*s = -380*s + 120. What is the greatest common factor of s and 75?
15
Let j(y) = 2*y**3 + 18*y**2 + 6*y - 16. Let r be j(-8). What is the greatest common factor of r and 80?
16
Let v = 62 + -70. Let k(m) = -m**3 - 7*m**2 + m + 16. Let a be k(v). What is the highest common factor of 54 and a?
18
Suppose 388*l - 2806 = 386*l. Calculate the greatest common divisor of 69 and l.
23
Let m = -63 - -122. Suppose b + 330 = 4*r, 0 = 13*r - 14*r - 2*b + 87. Let h = r - m. What is the greatest common divisor of 12 and h?
12
Let r be (-2)/(-11) + 465/165. Let f be (0 - r) + 2 + 1. Suppose 2*k + 9 - 53 = f. Calculate the greatest common factor of 33 and k.
11
Let f(x) = -6 - 4*x + 3 - 3. Let u be f(-11). Suppose 0 = -2*i - 2*i + 76. Calculate the greatest common factor of u and i.
19
Suppose 2*u - 65 = -3*u. Calculate the highest common factor of 832 and u.
13
Let j(o) = -18*o**3 - 3*o**2 - o + 2. Let r be j(-2). Suppose m + 43 = 4*a + 6*m, -2*m - 44 = -2*a. Calculate the greatest common divisor of r and a.
17
Let s(m) = m**3 + 4*m**2 - 3*m + 4. Let c be s(-3). Let h be 740/(-75) - (3 + 129/(-45)). Let y = h + c. What is the highest common divisor of y and 108?
12
Suppose u - 5*h - 40 = 2*u, -2*u - 5*h = 75. Let n = -22 - u. What is the greatest common factor of 52 and n?
13
Let i(n) = -n**3 - n**2 + 31*n + 99. Let l be i(-7). Calculate the highest common divisor of l and 132.
44
Let t(v) = v + 51. Let s be t(-9). Let p = s - 18. What is the highest common divisor of p and 24?
24
Suppose -v - 2*p + 48 = 0, 0 = 2*v - 2*p - 96 - 18. Let b = -47 + v. What is the highest common divisor of b and 77?
7
Suppose -4*y + 64 = -0*t - 4*t, -16 = 4*t. Let z be (y - -4)/((-4)/(-4)). What is the greatest common divisor of 128 and z?
16
Let z(l) be the third derivative of l**6/120 + l**5/10 + l**4/8 - l**3/2 + 25*l**2. Let y be z(-3). What is the highest common factor of y and 240?
15
Suppose -39*u + 665 = -34*u. What is the highest common factor of u and 95?
19
Let j = 28 + -22. Suppose w - 4*w - j = 0, 3*w - 113 = -f. Suppose -31 + 82 = 3*b. Calculate the greatest common factor of f and b.
17
Suppose 1080 = 11*n - 9*n. Suppose 80*q = 78*q + n. Calculate the highest common divisor of q and 27.
27
Let w = 261 - 192. Calculate the greatest common divisor of w and 6.
3
Let d = 524 + 379. What is the greatest common divisor of 21 and d?
21
Let u be (-1)/(-2 - (-7)/4). Suppose -d = -u + 2. Let k = 17 - d. Calculate the greatest common factor of 75 and k.
15
Suppose -q + 4*q = q. 